{"id":199,"date":"2025-05-24T19:33:55","date_gmt":"2025-05-24T17:33:55","guid":{"rendered":"https:\/\/barnabelaye.com\/fr\/?page_id=199"},"modified":"2025-05-24T19:33:55","modified_gmt":"2025-05-24T17:33:55","slug":"requiem-pour-un-pays-assassine","status":"publish","type":"page","link":"https:\/\/barnabelaye.com\/fr\/bibliographie\/requiem-pour-un-pays-assassine\/","title":{"rendered":"Requiem Pour Un Pays Assassin\u00e9"},"content":{"rendered":"<div class=\"wp-block-image\">\n<figure class=\"alignleft size-full\"><img loading=\"lazy\" decoding=\"async\" width=\"297\" height=\"475\" src=\"https:\/\/barnabelaye.com\/wp-content\/uploads\/2025\/05\/couverture-requiem.jpg\" alt=\"\" class=\"wp-image-200\" title=\"couverture requiem\" srcset=\"https:\/\/barnabelaye.com\/wp-content\/uploads\/2025\/05\/couverture-requiem.jpg 297w, https:\/\/barnabelaye.com\/wp-content\/uploads\/2025\/05\/couverture-requiem-188x300.jpg 188w\" sizes=\"auto, (max-width: 297px) 100vw, 297px\" \/><\/figure>\n<\/div>\n\n\n<p><strong>Editeur&nbsp;:<\/strong> L\u2019Harmattan<\/p>\n\n\n\n<p><strong>Date de publication&nbsp;:<\/strong> 1999 (Fran\u00e7ais) \u2013 2008 (Fran\u00e7ais\/Anglais)<\/p>\n\n\n\n<h1 class=\"wp-block-heading\">Extraits<\/h1>\n\n\n\n<p><em>Il \u00e9tait un pays<\/em><br><em>On ne sait<\/em><br><em>Par quel bout le prendre<\/em><br><em>Rien \u00e0 faire<\/em><br><em>Seulement<\/em><br><em>Gueuler l\u2019\u00e9clat de la blessure<\/em><br><em>Casser le miroir<\/em><br><em>Dans les yeux des autres<\/em><br><em>Fuir l\u2019intouchable image<\/em><br><em>D\u2019une v\u00e9rit\u00e9 des jours ordinaires<\/em><\/p>\n\n\n\n<hr class=\"wp-block-separator has-alpha-channel-opacity\"\/>\n\n\n\n<p><em>Comme un enclos<\/em><br><em>Repaire o\u00f9 dort<\/em><br><em>L\u2019indigence sur le dos de la pauvret\u00e9<\/em><br><em>Comme une barri\u00e8re<\/em><br><em>Une fronti\u00e8re perdue<\/em><\/p>\n\n\n\n<p><em>D\u2019un c\u00f4t\u00e9 la mer<\/em><br><em>De l\u2019autre une terre<\/em><br><em>L\u2019indigence marche au bras de la pauvret\u00e9<\/em><\/p>\n\n\n\n<p><em>C\u2019est une d\u00e9marcation<\/em><br><em>C\u2019est l\u2019enfer<\/em><br><em>On n\u2019y peut rien<\/em><\/p>\n\n\n\n<p><em>La sueur br\u00fble<\/em><br><em>Sur les sentiers du regard<\/em><br><em>A vif<\/em><\/p>\n\n\n\n<hr class=\"wp-block-separator has-alpha-channel-opacity\"\/>\n\n\n\n<p><em>Dire le pays<\/em><br><em>Au loin tr\u00e8s loin<\/em><br><em>Au milieu de la faim<\/em><br><em>Au milieu de la soif<\/em><\/p>\n\n\n\n<p><em>Crier la chose<\/em><br><em>Enfouie-l\u00e0 au plus profond<\/em><br><em>De la r\u00e9volte<\/em><br><em>Au plus profond de la col\u00e8re<\/em><br><em>Au mitan du d\u00e9sespoir<\/em><\/p>\n\n\n\n<p><em>Ou bien<\/em><br><em>D\u00e9poser le lourd fardeau<\/em><br><em>Et attendre qu\u2019enfin<\/em><br><em>Un nouveau soleil se l\u00e8ve<\/em><\/p>\n\n\n\n<p><em>Ou bien<\/em><br><em>R\u00eaver d\u2019un chambardement d\u2019astres<\/em><br><em>De m\u00e9t\u00e9ores de galaxies assassines<\/em><br><em>Et s\u2019enfuir<\/em><br><em>Jusqu\u2019\u00e0 presque rien<\/em><br><em>L\u00e0-bas<\/em><br><em>Au toucher de l\u2019horizon<\/em><\/p>\n\n\n\n<hr class=\"wp-block-separator has-alpha-channel-opacity\"\/>\n\n\n\n<p><em>Au commencement<\/em><br><em>\u00c9tait un pays sous les Tropiques<\/em><br><em>Un pays qui se couche<\/em><br><em>Comme une insulte tomb\u00e9e du ciel<\/em><br><em>Un pays qui s\u2019\u00e9tale aussi<\/em><br><em>Comme une peau<\/em><br><em>tir\u00e9e \u00e0 bout de souffle<\/em><br><em>Un pays qui se dresse parfois<\/em><br><em>Comme un poing jailli de l\u2019oc\u00e9an<\/em><\/p>\n\n\n\n<hr class=\"wp-block-separator has-alpha-channel-opacity\"\/>\n\n\n\n<p><em>Je ne vous parle pas d\u2019un pays<\/em><br><em>N\u00e9 de songes et de chim\u00e8res<\/em><br><em>Je vous parle d\u2019une terre<\/em><br><em>De r\u00e9sistance et de boue<\/em><br><em>Avec d\u2019\u00e9ph\u00e9m\u00e8res palais p\u00e9tris<\/em><br><em>De sang et de larmes<\/em><br><em>Avec le feu du Ciel<\/em><br><em>Un dur soleil<\/em><br><em>Sur la t\u00eate<\/em><br><em>des matins calmes.<\/em><\/p>\n\n\n\n<hr class=\"wp-block-separator has-alpha-channel-opacity\"\/>\n\n\n\n<p><em>Je vous parle d\u2019un pays r\u00e9el<\/em><br><em>D\u2019un pays pluriel avec ses multitudes<\/em><br><em>Ses ethnies comme des nations \u00e9ternelles<\/em><br><em>Ses collines ses mornes ses for\u00eats<\/em><br><em>Comme un myst\u00e8re<\/em><br><em>Comme un au-del\u00e0<\/em><br><em>\u00e0 port\u00e9e du regard<\/em><br><em>Comme un au-del\u00e0<\/em><br><em>\u00e0 port\u00e9e du r\u00eave<\/em><\/p>\n\n\n\n<hr class=\"wp-block-separator has-alpha-channel-opacity\"\/>\n\n\n\n<p><em>Je vous parle d\u2019un pays<\/em><br><em>Petit<\/em><br><em>Sans envergure et sans panache<\/em><br><em>Avec des millions de bouches.<\/em><br><em>Des millions de bouches<\/em><br><em>Qui racontent le d\u00e9sespoir<\/em><br><em>Et l\u2019amertume des saisons<\/em><br><em>Des millions de bouches<\/em><br><em>Qui crient qui rient qui pleurent<\/em><br><em>On ne sait jamais pourquoi.<\/em><\/p>\n\n\n\n<hr class=\"wp-block-separator has-alpha-channel-opacity\"\/>\n\n\n\n<p><em>Je vous parle d\u2019un pays<\/em><br><em>Petit<\/em><br><em>Sans envergure et sans panache<\/em><br><em>Avec ses l\u00e9gions fam\u00e9liques<\/em><br><em>Riv\u00e9es \u00e0 cette terre<\/em><br><em>Et qui ne savent o\u00f9 aller<\/em><br><em>Si ce n\u2019est de rester l\u00e0<\/em><br><em>Sur cette terre<\/em><br><em>Parce que les Anc\u00eatres sont rest\u00e9s<\/em><br><em>Parce que les Anc\u00eatres sont l\u00e0<\/em><br><em>sous la terre<\/em><\/p>\n\n\n\n<p><em>Et au jour d\u2019aujourd\u2019hui<\/em><br><em>Aller o\u00f9 ?<\/em><br><em>Partout des molosses des miradors<\/em><br><em>Partout des permis de s\u00e9jour qui<\/em><br><em>ressemblent \u00e0 des permis d\u2019inhumer<\/em><\/p>\n\n\n\n<p><em>Aller o\u00f9 ? Si ce n\u2019est<\/em><br><em>De rester l\u00e0 sur leur terre<\/em><br><em>Parce que les Anc\u00eatres sont rest\u00e9s<\/em><br><em>Parce que les Anc\u00eatres sont l\u00e0<\/em><br><em>Sous la terre.<\/em><\/p>\n\n\n\n<hr class=\"wp-block-separator has-alpha-channel-opacity\"\/>\n\n\n\n<p><em>C\u2019est un pays de man\u0153uvres<\/em><br><em>Flirtant sur la cr\u00eate des grues<\/em><br><em>\u00c9levant des mausol\u00e9es de pierres<\/em><br><em>B\u00e2tissant \u00e0 pleine main<\/em><br><em>Des maisons des esplanades des prisons.<\/em><br><em>Narguant la lourdeur du soleil<\/em><br><em>et des briques. Hommes de<\/em><br><em>ciment et de chaux courbant l\u2019\u00e9chine sous les sacs et la faim du ventre. Hommes blanchis de poussi\u00e8res et de mis\u00e8re foulant la terre de lat\u00e9rite comme une certitude. Pour se convaincre qu\u2019ils sont toujours debout. Puisque leurs pieds ont la couleur de la terre qui les portent du soir au matin.<\/em><\/p>\n","protected":false},"excerpt":{"rendered":"<p>Editeur&nbsp;: L\u2019Harmattan Date de publication&nbsp;: 1999 (Fran\u00e7ais) \u2013 2008 (Fran\u00e7ais\/Anglais) Extraits Il \u00e9tait un paysOn ne saitPar quel bout le prendreRien \u00e0 faireSeulementGueuler l\u2019\u00e9clat de la blessureCasser le miroirDans les yeux des autresFuir l\u2019intouchable imageD\u2019une v\u00e9rit\u00e9 des jours ordinaires Comme un enclosRepaire o\u00f9 dortL\u2019indigence sur le dos de la pauvret\u00e9Comme une barri\u00e8reUne fronti\u00e8re perdue D\u2019un [&hellip;]<\/p>\n","protected":false},"author":1,"featured_media":0,"parent":95,"menu_order":0,"comment_status":"closed","ping_status":"closed","template":"","meta":{"footnotes":""},"class_list":["post-199","page","type-page","status-publish","czr-hentry"],"_links":{"self":[{"href":"https:\/\/barnabelaye.com\/fr\/wp-json\/wp\/v2\/pages\/199","targetHints":{"allow":["GET"]}}],"collection":[{"href":"https:\/\/barnabelaye.com\/fr\/wp-json\/wp\/v2\/pages"}],"about":[{"href":"https:\/\/barnabelaye.com\/fr\/wp-json\/wp\/v2\/types\/page"}],"author":[{"embeddable":true,"href":"https:\/\/barnabelaye.com\/fr\/wp-json\/wp\/v2\/users\/1"}],"replies":[{"embeddable":true,"href":"https:\/\/barnabelaye.com\/fr\/wp-json\/wp\/v2\/comments?post=199"}],"version-history":[{"count":1,"href":"https:\/\/barnabelaye.com\/fr\/wp-json\/wp\/v2\/pages\/199\/revisions"}],"predecessor-version":[{"id":201,"href":"https:\/\/barnabelaye.com\/fr\/wp-json\/wp\/v2\/pages\/199\/revisions\/201"}],"up":[{"embeddable":true,"href":"https:\/\/barnabelaye.com\/fr\/wp-json\/wp\/v2\/pages\/95"}],"wp:attachment":[{"href":"https:\/\/barnabelaye.com\/fr\/wp-json\/wp\/v2\/media?parent=199"}],"curies":[{"name":"wp","href":"https:\/\/api.w.org\/{rel}","templated":true}]}}

Requiem Pour Un Pays Assassiné

<div class="wp-block-image">
<figure class="alignleft size-full"><img loading="lazy" decoding="async" width="297" height="475" src="https://barnabelaye.com/wp-content/uploads/2025/05/couverture-requiem.jpg" alt="" class="wp-image-200" title="couverture requiem" srcset="https://barnabelaye.com/wp-content/uploads/2025/05/couverture-requiem.jpg 297w, https://barnabelaye.com/wp-content/uploads/2025/05/couverture-requiem-188x300.jpg 188w" sizes="auto, (max-width: 297px) 100vw, 297px" /></figure>
</div>


<p><strong>Editeur&nbsp;:</strong> L’Harmattan</p>



<p><strong>Date de publication&nbsp;:</strong> 1999 (Français) – 2008 (Français/Anglais)</p>



<h1 class="wp-block-heading">Extraits</h1>



<p><em>Il était un pays</em><br><em>On ne sait</em><br><em>Par quel bout le prendre</em><br><em>Rien à faire</em><br><em>Seulement</em><br><em>Gueuler l’éclat de la blessure</em><br><em>Casser le miroir</em><br><em>Dans les yeux des autres</em><br><em>Fuir l’intouchable image</em><br><em>D’une vérité des jours ordinaires</em></p>



<hr class="wp-block-separator has-alpha-channel-opacity"/>



<p><em>Comme un enclos</em><br><em>Repaire où dort</em><br><em>L’indigence sur le dos de la pauvreté</em><br><em>Comme une barrière</em><br><em>Une frontière perdue</em></p>



<p><em>D’un côté la mer</em><br><em>De l’autre une terre</em><br><em>L’indigence marche au bras de la pauvreté</em></p>



<p><em>C’est une démarcation</em><br><em>C’est l’enfer</em><br><em>On n’y peut rien</em></p>



<p><em>La sueur brûle</em><br><em>Sur les sentiers du regard</em><br><em>A vif</em></p>



<hr class="wp-block-separator has-alpha-channel-opacity"/>



<p><em>Dire le pays</em><br><em>Au loin très loin</em><br><em>Au milieu de la faim</em><br><em>Au milieu de la soif</em></p>



<p><em>Crier la chose</em><br><em>Enfouie-là au plus profond</em><br><em>De la révolte</em><br><em>Au plus profond de la colère</em><br><em>Au mitan du désespoir</em></p>



<p><em>Ou bien</em><br><em>Déposer le lourd fardeau</em><br><em>Et attendre qu’enfin</em><br><em>Un nouveau soleil se lève</em></p>



<p><em>Ou bien</em><br><em>Rêver d’un chambardement d’astres</em><br><em>De météores de galaxies assassines</em><br><em>Et s’enfuir</em><br><em>Jusqu’à presque rien</em><br><em>Là-bas</em><br><em>Au toucher de l’horizon</em></p>



<hr class="wp-block-separator has-alpha-channel-opacity"/>



<p><em>Au commencement</em><br><em>Était un pays sous les Tropiques</em><br><em>Un pays qui se couche</em><br><em>Comme une insulte tombée du ciel</em><br><em>Un pays qui s’étale aussi</em><br><em>Comme une peau</em><br><em>tirée à bout de souffle</em><br><em>Un pays qui se dresse parfois</em><br><em>Comme un poing jailli de l’océan</em></p>



<hr class="wp-block-separator has-alpha-channel-opacity"/>



<p><em>Je ne vous parle pas d’un pays</em><br><em>Né de songes et de chimères</em><br><em>Je vous parle d’une terre</em><br><em>De résistance et de boue</em><br><em>Avec d’éphémères palais pétris</em><br><em>De sang et de larmes</em><br><em>Avec le feu du Ciel</em><br><em>Un dur soleil</em><br><em>Sur la tête</em><br><em>des matins calmes.</em></p>



<hr class="wp-block-separator has-alpha-channel-opacity"/>



<p><em>Je vous parle d’un pays réel</em><br><em>D’un pays pluriel avec ses multitudes</em><br><em>Ses ethnies comme des nations éternelles</em><br><em>Ses collines ses mornes ses forêts</em><br><em>Comme un mystère</em><br><em>Comme un au-delà</em><br><em>à portée du regard</em><br><em>Comme un au-delà</em><br><em>à portée du rêve</em></p>



<hr class="wp-block-separator has-alpha-channel-opacity"/>



<p><em>Je vous parle d’un pays</em><br><em>Petit</em><br><em>Sans envergure et sans panache</em><br><em>Avec des millions de bouches.</em><br><em>Des millions de bouches</em><br><em>Qui racontent le désespoir</em><br><em>Et l’amertume des saisons</em><br><em>Des millions de bouches</em><br><em>Qui crient qui rient qui pleurent</em><br><em>On ne sait jamais pourquoi.</em></p>



<hr class="wp-block-separator has-alpha-channel-opacity"/>



<p><em>Je vous parle d’un pays</em><br><em>Petit</em><br><em>Sans envergure et sans panache</em><br><em>Avec ses légions faméliques</em><br><em>Rivées à cette terre</em><br><em>Et qui ne savent où aller</em><br><em>Si ce n’est de rester là</em><br><em>Sur cette terre</em><br><em>Parce que les Ancêtres sont restés</em><br><em>Parce que les Ancêtres sont là</em><br><em>sous la terre</em></p>



<p><em>Et au jour d’aujourd’hui</em><br><em>Aller où ?</em><br><em>Partout des molosses des miradors</em><br><em>Partout des permis de séjour qui</em><br><em>ressemblent à des permis d’inhumer</em></p>



<p><em>Aller où ? Si ce n’est</em><br><em>De rester là sur leur terre</em><br><em>Parce que les Ancêtres sont restés</em><br><em>Parce que les Ancêtres sont là</em><br><em>Sous la terre.</em></p>



<hr class="wp-block-separator has-alpha-channel-opacity"/>



<p><em>C’est un pays de manœuvres</em><br><em>Flirtant sur la crête des grues</em><br><em>Élevant des mausolées de pierres</em><br><em>Bâtissant à pleine main</em><br><em>Des maisons des esplanades des prisons.</em><br><em>Narguant la lourdeur du soleil</em><br><em>et des briques. Hommes de</em><br><em>ciment et de chaux courbant l’échine sous les sacs et la faim du ventre. Hommes blanchis de poussières et de misère foulant la terre de latérite comme une certitude. Pour se convaincre qu’ils sont toujours debout. Puisque leurs pieds ont la couleur de la terre qui les portent du soir au matin.</em></p>

<p>Editeur&nbsp;: L’Harmattan Date de publication&nbsp;: 1999 (Français) – 2008 (Français/Anglais) Extraits Il était un paysOn ne saitPar quel bout le prendreRien à faireSeulementGueuler l’éclat de la blessureCasser le miroirDans les yeux des autresFuir l’intouchable imageD’une vérité des jours ordinaires Comme un enclosRepaire où dortL’indigence sur le dos de la pauvretéComme une barrièreUne frontière perdue D’un [&hellip;]</p>
